Let n be 4/y - 8/36. Calculate b(n).
-5
Suppose -4*w + 3*w - 2*z + 7 = 0, 0 = 2*w + 5*z - 17. Let v(m) = -3 - 2 + 4 - 4*m. What is v(w)?
-5
Let m(g) = -g - 4. Let f be (-78)/30 + 2/(-5). Determine m(f).
-1
Let c(x) = -x**2 + 7*x - 1. Let m be ((-60)/(-14))/((-2)/(-14)). Suppose 0 = -86*f + 81*f + 10. Suppose f*d = -3*d + m. Calculate c(d).
5
Suppose -2*b - 4*b = -2*b. Let i(g) = g - 14. Calculate i(b).
-14
Suppose -8 = 4*a - 0*a. Let c(r) = 7*r**2 - 3 + 3*r - r - 8*r**2 - 5*r. Calculate c(a).
-1
Let p(r) be the first derivative of -r**6/120 + 5*r**3/6 - r**2 - 1. Let u(o) be the second derivative of p(o). Determine u(0).
5
Let y(h) = 5*h - 2. Let i be y(-1). Let j(l) = 5*l + 3. What is j(i)?
-32
Suppose 0*m + 10 = 2*m. Let o = 9 - m. Let z(l) = 1 - 1 + 2 + l**2 - 3*l. Determine z(o).
6
Let z = 61 - 55. Let x(d) = -d**3 + 7*d**2 - 4*d - 5. Calculate x(z).
7
Let t = 10 + -7. Let r(i) = -1 - 1 + 3*i**2 - 3*i**3 + 2*i**t + i. Let u(s) = s**2 + 8*s - 6. Let j be u(-9). Give r(j).
1
Let q be (-3)/(-2)*(-8)/(-6). Let y(n) be the first derivative of n**3/3 + n**2/2 - 2*n - 24. Give y(q).
4
Let x = -6 + 8. Suppose 2*l = -x*r, 0 = 4*r - 2*l - l + 14. Let z(i) = -i**3 - i**2 + 2*i + 2. Give z(r).
2
Let x(j) = -3*j**2 - j**3 - 4*j**3 + 2*j**2. Let a be 8/12 - 2/3. Suppose 2*c - 10 = 2*n, -3*n + c - 7 = -a. Calculate x(n).
4
Let z(y) = -y**2 - 3*y + 0*y**3 + 5*y**2 - 7*y**2 - y**3 - 1. What is z(-3)?
8
Let y(u) = -3*u**2 + 5*u + 0*u**2 - 3*u**2 + u**3 + 3. Determine y(5).
3
Suppose 0 = -5*m + 3*l + 36, 4*m + 3*l - 34 = 8*l. Suppose -3*t = m + 9. Let w(i) = -5 + 5 + i**2 + 4 + 7*i. What is w(t)?
-6
Let m(i) = 4*i + 2. Let y(k) = -11*k - 6. Let x(g) = -17*m(g) - 6*y(g). Suppose -4*h = 4*w - 20, 3 = 3*h - 6. Calculate x(w).
-2
Let f(m) = m + 8. Let r(y) = -7. Let z(j) = -3*f(j) - 2*r(j). Let q(h) = -4*h - 11. Let k(b) = -5*q(b) + 6*z(b). Give k(4).
3
Let z be (4 - 3)/(2/6). Let w(t) = -1 + 3 - z*t + 0. Let x(n) = -n. Let r be x(-3). Give w(r).
-7
Let v(x) = x. Let g(o) = -2*o - 1. Let l(i) = -2*g(i) - 5*v(i). Suppose -1 - 2 = -p. What is l(p)?
-1
Let v(n) = n**3 - 3*n**2 + n + 1. Let s(f) be the first derivative of -f**2/2 + 6*f + 1. Let k be ((-2)/2)/(1/(-4)). Let g be s(k). Calculate v(g).
-1
Let p(r) be the first derivative of r**2/2 + 5*r - 10. Determine p(-3).
2
Let z = 123 + -122. Let p(v) = -3*v**2 + 3*v**2 - v + 11*v**3 + 1. Determine p(z).
11
Let w be 1/((-4)/16*-1). Let h(z) = -2*z - 3. Give h(w).
-11
Let w(n) = 3*n + 4. Let x(l) = -l**3 + 7*l**2 - 3. Let u(s) = s + 1. Let k(y) = -y. Let g(r) = -k(r) - 3*u(r). Let h be g(-5). Let i be x(h). Determine w(i).
-5
Let t(y) = -162 - 2*y + 6*y + 160. Calculate t(2).
6
Let g(m) = 3*m - 2*m + 8 - 2*m. What is g(7)?
1
Let a(j) = 29*j - 3. Let d(w) = -7*w + 1. Let c(f) = -2*a(f) - 9*d(f). Let u be (2*-5)/(2*-1). Suppose -u*b + 0 = 5*l - 15, 8 = 2*l + 4*b. Give c(l).
7
Let p(u) be the third derivative of u**6/120 - u**5/15 - u**4/8 - 2*u**3/3 - 16*u**2. What is p(5)?
6
Let d(k) be the second derivative of k**6/360 - k**5/60 + k**4/24 + k**3/3 - 2*k. Let v(f) be the second derivative of d(f). Calculate v(4).
9
Suppose 0 = -2*z - 8, -4*z - 13 = -g - 0*z. Let f(l) = -l - 3. Give f(g).
0
Let l(k) = 2*k + 2. Suppose 0*q = 5*q + 65. Let j = q + 28. Let z = j - 11. Give l(z).
10
Let q(l) = 7*l - 1. Let r(h) = h**2 + 5*h - 4. Let v be r(-6). Suppose 0 = 5*j - v*t - 11, 0 = 5*j + 3*t - 8*t - 20. Give q(j).
6
Let r(j) be the second derivative of -j**6/20 - j**5/60 + j**4/12 - j**3/6 + 2*j**2 + 4*j. Let y(l) be the first derivative of r(l). Calculate y(1).
-6
Let a be 2/5 + (-54)/10. Let b be ((-6)/(-4))/(9/18). Let k(l) = -l**2 + 1 - 5 - 7*l + b - 4. Give k(a).
5
Suppose t = 3*a - 2 - 6, 4*t + 8 = 4*a. Let v(s) = -3*s - 1. Let d(p) = -1. Let x(m) = a*d(m) - v(m). Determine x(2).
4
Let i(r) = r**3 - 4*r**2 - 5*r + 3. Let b be i(5). Let n(a) = a**3 - a**2 - 4*a. Determine n(b).
6
Let m(t) be the second derivative of 5*t**4/24 - t**3/6 + 3*t**2/2 + 3*t. Let h(y) be the first derivative of m(y). Let u = -8 + 9. What is h(u)?
4
Let f(m) = m**3 + 6*m**2 + 5*m + 3. Let o be f(-5). Let t(i) = -4 + o - 13*i + 12*i. Suppose -3*h + 6*h + 13 = p, -h - 9 = 2*p. Give t(h).
4
Let j(o) be the third derivative of -o**7/840 - o**6/60 - 7*o**5/120 - 7*o**4/24 + o**3/6 + 3*o**2. Let m(g) be the first derivative of j(g). Calculate m(-5).
3
Let a(o) be the first derivative of o**4/4 - o**3 + o + 2. Suppose -3*r = 3*w + 9, -w - 4*w - 2*r = 0. Give a(w).
-3
Let n(q) be the third derivative of 2*q**5/15 + q**4/24 - q**3/6 + 5*q**2. Determine n(1).
8
Let r(z) = -2 - z**2 - 5*z - z**3 + 4 + 2*z**3. Let a(i) = 2*i**2 + i + 2. Let m be a(-1). Determine r(m).
5
Let p(c) be the second derivative of 1/12*c**4 + 1/4*c**5 + 0*c**3 + 0 - 3*c + 0*c**2. Give p(1).
6
Suppose -3*m + 1 - 4 = 0. Let p(n) = -4*n**3 - n - 1. Let y be p(m). Let h(b) = -3*b - 3*b**2 - 2 + 126*b**3 - 125*b**3 - 2. Give h(y).
0
Suppose -5*f - 1 = -76. Let k be ((-1)/3)/(1/f). Let g(i) = i**3 + 5*i**2 - 3*i. Give g(k).
15
Let x be (-1 - (2 - 3))*-1. Let y(k) = -k**3 - k**2 + k - 1. What is y(x)?
-1
Let y(u) be the first derivative of -1/2*u**2 - 8 + 7*u. Give y(0).
7
Let t be (8/5)/(1/(-5)). Let o(v) = -4*v + 3. Let j be o(4). Let s = t - j. Let z(n) = n**3 - 4*n**2 - 3*n - 5. Determine z(s).
5
Let q(u) = u**3 - 5*u**2 + u - 4. Suppose 3*r + r = 20. Let o be q(r). Let y(t) = -t - 1. Determine y(o).
-2
Suppose 7*t + 1 = 8*t. Let l(x) = -x**3 + x**2. Give l(t).
0
Let c(k) = 2*k - 2. Let o be -2*6*(-2)/(-4). Determine c(o).
-14
Let x = -6 - -23. Let h = -11 + x. Suppose -h = -d - d. Let m(j) = j**3 - 3*j**2 - j - 1. Calculate m(d).
-4
Let g(l) = 3 + 16 + 5*l - 18. Calculate g(-2).
-9
Suppose 3 = q - 2. Let d(i) = -2*i - 2 + 5*i - q*i. Suppose 4*z + 5*a + 8 = 0, -8 = -4*z - 0*a - a. Give d(z).
-8
Let r(h) = h - 1. Suppose -6 = -0*p + 3*p. Let z be (p - -5)*(-3)/(-3). Calculate r(z).
2
Let o = 11 - 3. Suppose 0 - o = 4*l. Let s(i) = i**3 + 2*i**2 - i - 2. Let n(g) = -2*g**3 - 4*g**2 + 2*g + 4. Let k(r) = 3*n(r) + 5*s(r). Calculate k(l).
0
Let v(o) = -3*o + 4. Let c(a) = -5*a + 8. Suppose -4*i - 5*l + 39 = 0, 4*l = -i + 9 - 2. Let k(r) = i*v(r) - 6*c(r). Let g = -14 - -11. Determine k(g).
5
Let u be (-13)/(39/(-30)) - (-4)/(-1). Let v(k) = k**3 - 5*k**2 - 4*k - 8. What is v(u)?
4
Let m be -8 - (-9)/6*2. Let t(b) = -b**2 - 4*b + 2. Calculate t(m).
-3
Let m(i) = -4*i**3 + 7*i**3 - i**3 + 6 + 7*i**2 + 5*i - i**3. What is m(-6)?
12
Let o(j) = j + 16. Let d = -10 + 3. Determine o(d).
9
Let a(l) = 0*l**2 + 5*l**2 - 5*l - 4*l**2 + 3. Give a(3).
-3
Let x(s) = s**3 - 5*s**2 + 2*s + 2. Let h be x(5). Suppose l = 5*l + h. Let p(v) = 2*v - 3 + 2 - 3*v. Calculate p(l).
2
Let c(w) = -w - 7. Let b = 16 + -23. Give c(b).
0
Let z(n) = -n**3 - 4*n**2 - 2*n - 2. Let s = -15 - -13. Determine z(s).
-6
Let c be (-3 + 2 + 0)*1. Let u(m) = -m**2 - 1. Let b(t) = 3*t**2 + t - 3. Let r(n) = -b(n) + 3*u(n). Determine r(c).
-5
Let q(w) = -w + 3. Let g(h) be the second derivative of h**3/6 - 2*h**2 - 3*h. Let v(b) = 5*g(b) + 4*q(b). Let r(u) = 6*u. Let y be r(1). Determine v(y).
-2
Let q(r) be the second derivative of -1/6*r**3 + 0*r**2 + 4*r + 0. Determine q(4).
-4
Let g(m) be the second derivative of 3*m**5/20 + m**4/12 - m**2/2 - m. Suppose 0*y + 2*y = 3*p + 16, 5*p = -20. Suppose -3*o - 1 = -y*o. Give g(o).
-3
Suppose y = -0*y - 2. Let i(f) be the first derivative of 7 + 0*f - f**3 - 3/2*f**2. Give i(y).
-6
Let n = -1 + 4. Let l(s) = n - 3 - 2*s + 2 + s**2 - 2*s**2. What is l(-4)?
-6
Suppose 4*a = 3*a - 2. Let x = -5 - a. Let q(s) = -3*s. Determine q(x).
9
Let r(c) = -c**3 - 6*c**2 - 5*c - 2. Let v = 12 - 17. What is r(v)?
-2
Let t(i) = -6*i**2 + 2*i - 3. Let o(k) = -11*k**2 + 4*k - 5. Let g(s) = -3*o(s) + 5*t(s). Give g(2).
8
Let d(a) = -a**2 + 7*a - 5. Suppose 0 = -q + 2*n + 18 - 2, 2*n + 40 = 5*q. Determine d(q).
1
Let v be 5/((-5)/(-3)) + 1. Let w(k) = -115*k - v + 107*k + 4. Give w(-2).
16
Let u(q) = -q**3 + 11*q**2 + 13*q - 10. Let o be u(12). Let l(g) = g**2 - 5*g**2 + 8*g**3 + o*g**2 + 6*g**3 + 1. What is l(1)?
13
Let w = 22 - 16. Let q(y) = 2*y + 3. Let o(v) = v + 2. Let t(m) = -3*m - 5. Let d(x) = 9*o(x) + 4*t(x). Let s(h) = -3*d(h) - 4*q(h). Calculate s(w).
0
Let b(d) = -d + 4. Let m be ((-9)/5)/((-2